In base 11, what is a - -58?
67
In base 13, what is -2 + -7b?
-80
In base 16, what is 35 - 2?
33
In base 15, what is -8a + -6?
-91
In base 11, what is 9 + -144?
-136
In base 5, what is 3 + 2103?
2111
In base 3, what is -100 - 1211?
-2011
In base 14, what is 51 + 2?
53
In base 2, what is 110111011 - 1?
110111010
In base 5, what is -12003 + -20?
-12023
In base 5, what is -1002 - 4?
-1011
In base 5, what is 1 - 3033?
-3032
In base 2, what is 1001111 - 1?
1001110
In base 3, what is -122 - 12112?
-20011
In base 6, what is 4120 + 34?
4154
In base 10, what is 4 + -50?
-46
In base 4, what is 322 + 10?
332
In base 13, what is 0 + 2c?
2c
In base 6, what is -2 + -5541?
-5543
In base 4, what is 11 - -30?
101
In base 4, what is 20 + -103?
-23
In base 4, what is 1 + 3?
10
In base 7, what is 4 + -1320?
-1313
In base 7, what is 5 + 6004?
6012
In base 9, what is -348 - 23?
-372
In base 7, what is 31 + -142?
-111
In base 16, what is -347 - -4?
-343
In base 13, what is a73 - -2?
a75
In base 9, what is 3 + 83?
86
In base 10, what is -3 - 1223?
-1226
In base 2, what is 101 + -110000110?
-110000001
In base 14, what is 7 + -3?
4
In base 4, what is 1 + -303?
-302
In base 5, what is 114 - -1?
120
In base 2, what is 1101101 + 100?
1110001
In base 9, what is -5 - -337?
332
In base 15, what is 72 - -3?
75
In base 5, what is -100 + -10?
-110
In base 12, what is 3 - 3a?
-37
In base 4, what is -3 - 110?
-113
In base 14, what is -2 + -83?
-85
In base 3, what is -2 - -10020?
10011
In base 6, what is 10 + -44442?
-44432
In base 5, what is -1333 + 1?
-1332
In base 2, what is 1001101 + 1100101?
10110010
In base 6, what is 35 - -143?
222
In base 4, what is 131112 + -11?
131101
In base 16, what is -b + 13?
8
In base 15, what is -14 + -584?
-598
In base 6, what is 121 - -153?
314
In base 14, what is 2767 + 5?
276c
In base 16, what is 0 - 12?
-12
In base 9, what is 5 - 1314?
-1308
In base 4, what is -23102 - 3?
-23111
In base 7, what is 665 + -1?
664
In base 12, what is 64 - 8?
58
In base 7, what is -605 + -12?
-620
In base 16, what is 2db + 4?
2df
In base 14, what is 5 - -197b?
1982
In base 4, what is 3 - 10221?
-10212
In base 2, what is 110100 - 101?
101111
In base 9, what is 3467 + 2?
3470
In base 3, what is 1 + -1?
0
In base 11, what is -3 + 64?
61
In base 13, what is 3 - -2c9b?
2ca1
In base 9, what is 357 + 3?
361
In base 11, what is -1664 + -8?
-1671
In base 10, what is 4 - 755?
-751
In base 10, what is -72 + 13?
-59
In base 9, what is -4 + 257?
253
In base 5, what is 403 - -10?
413
In base 16, what is 932 - 5?
92d
In base 4, what is 200 + -11?
123
In base 10, what is -897 + 1?
-896
In base 8, what is 125 - 3?
122
In base 4, what is 32 + -212?
-120
In base 11, what is 876 - -2?
878
In base 7, what is -1255 + 1?
-1254
In base 5, what is 411 + 1?
412
In base 16, what is e - -18?
26
In base 5, what is -1 + -100444?
-101000
In base 16, what is 4 - 2a?
-26
In base 13, what is -82 + -1a?
-9c
In base 10, what is 7 + 20?
27
In base 9, what is -71 + -20?
-101
In base 14, what is 8 + -a?
-2
In base 6, what is 150 - -3?
153
In base 14, what is 5 + 4a1?
4a6
In base 11, what is 0 - -273?
273
In base 15, what is -60 + -2?
-62
In base 12, what is -5 - 5b?
-64
In base 3, what is 10 + -21?
-11
In base 16, what is 53e + -4?
53a
In base 3, what is 11 - -102020?
102101
In base 7, what is -526 - -6?
-520
In base 16, what is 754 - 0?
754
In base 2, what is -110 - 100110?
-101100
In base 6, what is 51 + 1?
52
In base 8, what is 0 - 1064?
-1064
In base 6, what is 5 + -22214?
-22205
In base 10, what is 5 - -676?
681
In base 4, what is 20 - 31?
-11
In base 5, what is -430 - -100?
-330
In base 9, what is -6760 - 1?
-6761
In base 16, what is 8f + -4?
8b
In base 12, what is 7 - 303?
-2b8
In base 7, what is -555 - 6?
-564
In base 5, what is -10 + 110?
100
In base 15, what is -22d7 - 1?
-22d8
In base 14, what is cd0 + 1?
cd1
In base 7, what is 562 - -15?
610
In base 4, what is 3203 + -23?
3120
In base 7, what is -105 + 163?
55
In base 3, what is -10211110 + 1?
-10211102
In base 15, what is -d44 + -3?
-d47
In base 15, what is -6d - 0?
-6d
In base 16, what is 22 + -2?
20
In base 9, what is -5 + -533?
-538
In base 4, what is 11112 + 10?
11122
In base 14, what is -94 + 0?
-94
In base 9, what is 2162 + -1?
2161
In base 11, what is 107 - 5?
102
In base 15, what is -e - -64?
55
In base 5, what is -1420223 - -1?
-1420222
In base 5, what is -14 - 30014?
-30033
In base 4, what is 3232 + 0?
3232
In base 3, what is -121011222 + -10?
-121012002
In base 11, what is 90 + -243?
-163
In base 15, what is -5 + -341?
-346
In base 3, what is -10 - 2120?
-2200
In base 5, what is -1031 - -104?
-422
In base 8, what is -5 - -2?
-3
In base 2, what is 10 - -100000000?
100000010
In base 10, what is 5596 - 5?
5591
In base 11, what is 472 + 4?
476
In base 11, what is 474 + 1?
475
In base 10, what is -1 - 1080?
-1081
In base 11, what is 5 + -53?
-49
In base 11, what is -13 - -25?
12
In base 2, what is -11111 + 10001?
-1110
In base 5, what is -2 + -2304?
-2311
In base 10, what is 65 + 172?
237
In base 4, what is 111 + 12?
123
In base 2, what is 101 - 1001010?
-1000101
In base 13, what is -189 - 7?
-193
In base 2, what is -10101001 + 100?
-10100101
In base 4, what is 33 + 2331?
3030
In base 15, what is -2 - -790?
78d
In base 12, what is -74b6 + -2?
-74b8
In base 2, what is -1111011 + 1110?
-1101101
In base 6, what is -103 - 1045?
-1152
In base 4, what is -322230 + -2?
-322232
In base 6, what is -1 - 212?
-213
In base 9, what is -2528 + 5?
-2523
In base 4, what is -1 - -121211?
121210
In base 14, what is 4 - 48?
-44
In base 15, what is a - 24?
-19
In base 12, what is -2 + a6?
a4
In base 9, what is 211 + 1?
212
In base 9, what is -3 - -2847?
2844
In base 9, what is 4 - -238?
243
In base 7, what is -6 - -1?
-5
In base 5, what is -114 - 10?
-124
In base 4, what is 3 - -310?
313
In base 9, what is -5 - -4447?
4442
In base 4, what is -10120 + -120?
-10300
In base 14, what is 20d - 4?
209
In base 16, what is -4 + -67?
-6b
In base 2, what is -11010000 + 1001?
-11000111
In base 11, what is 1 + -142?
-141
In base 3, what is -1000011 + -1?
-1000012
In base 3, what is 11 - 21220?
-21202
In base 7, what is -3 - 4?
-10
In base 8, what is -4 - -170?
164
In base 3, what is -12 + 110222?
110210
In base 3, what is 20211 + 11?
20222
In base 3, what is 111220 - -22?
112012
In base 11, what is -332 + 1?
-331
In base 3, what is -11 + -1100?
-1111
In base 15, what is 7e + -1?
7d
In base 15, what is -5 + e3?
dd
In base 6, what is 4 + 43254?
43302
In base 11, what is -52 + -37?
-89
In base 14, what is 3 - 101?
-dc
In base 12, what is 31 - -192?
203
In base 8, what is -5 + 41?
34
In base 5, what is 10102 + -13?
10034
In base 3, what is -1 - 1202?
-1210
In base 10, what is -3 + 50?
47
In base 15, what is 74c - d?
73e
In base 12, what is 4 + -a1?
-99
In base 10, what is -2 - 319?
-321
In base 2, what is 11111 + 100?
100011
In base 13, what is 229 + -2?
227
In base 4, what is 0 - 331?
-331
In base 5, what is 12401 - -3?
12404
In base 7, what is -2205 + 6?
-2166
In base 9, what is -10 + 0?
-10
In base 5, what is -2 - -33314?
33312
In base 9, what is 807 + -5?
802
In base 9, what is 316 + 1?
317
In base 5, what is 2 + -132?
-130
In base 16, what is -14 - a0?
-b4
In base 16, what is a8 + 2?
aa
In base 11, what is 14 - 0?
14
In base 5, what is -3 + 43?
40
In base 12, what is -2278 + 2?
-2276
In base 8, what is 30 - 11?
17
In base 12, what is -9 + -1?
-a
In base 13, what is -57 + -2?
-59
In base 15, what is 5a5 + 5?
5aa
In base 13, what is 1 - -522?
523
In base 11, what is 1 + -4?
-3
In base 6, what is 212 + -32?
140
In base 13, what is 3 + 76?
79
In base 4, what is 0 + -21212?
-21212
In base 13, what is 25 - 6?
1c
In base 4, what is 22322 + 1?
22323
In base 4, what is -11 + 21210?
21133
In base 3, what is -22 + -1012?
-1111
In base 4, what is -100311 + 3?
-100302
In base 6, what is 15315 - -4?
15323
In base 15, what is -4 - 150?
-154
In base 3, what is -20102 - 0?
-20102
In base 12, what is 4b9 + 0?
4b9
In base 3, what is -11 + 1111?
1100
In base 2, what is -1001 + 1101?
100
In base 14, what is b - -14a?
157
In base 13, what is -2284 - 0?
-2284
In base 13, what is 4 + -350?
-349
In base 4, what is 3 + 3?
12
In base 14, what is 7c + 4?
82
In base 15, what is -6 - -1a?